{"id":62,"date":"2020-04-27T17:41:10","date_gmt":"2020-04-27T15:41:10","guid":{"rendered":"https:\/\/www.doulito.com\/blog\/?page_id=62"},"modified":"2024-03-11T12:00:20","modified_gmt":"2024-03-11T11:00:20","slug":"conseils-achats","status":"publish","type":"page","link":"https:\/\/www.doulito.com\/blog\/conseils-achats\/","title":{"rendered":"Conseils d&rsquo;achat"},"content":{"rendered":"<h1>Nos conseils d&rsquo;achat<\/h1>\n<h2>Les conseils tous doux rien que pour vous \ud83d\ude42<\/h2>\n<h2>\n\t\t\t\tNos derniers guides\t\t\t\t<\/h2>\n<p>\t\t\t<a href=\"https:\/\/www.doulito.com\/blog\/quelle-matiere-choisir-pour-mes-draps\/\" target=\"_self\" title=\"Quelle mati\u00e8re choisir pour mes draps ?\" rel=\"noopener\"><img decoding=\"async\" width=\"1280\" height=\"800\" src=\"https:\/\/www.doulito.com\/blog\/wp-content\/uploads\/2024\/01\/Quelle-matiere-choisir-pour-mes-draps.jpg\" alt=\"Quelle mati\u00e8re choisir pour mes draps ?\" loading=\"lazy\" \/><\/a><br \/>\n\t\t\t<a href=\"https:\/\/www.doulito.com\/blog\/category\/conseils\/\" id=\"uael-post-term-conseils\" aria-labelledby=\"uael-post-term-conseils\">Conseils d&rsquo;achat<\/a>\t\t<\/p>\n<h3>\n\t\t\t\t\t\t<a href=\"https:\/\/www.doulito.com\/blog\/quelle-matiere-choisir-pour-mes-draps\/\" target=\"_self\" rel=\"noopener\"><br \/>\n\t\t\t\tQuelle mati\u00e8re choisir pour mes draps ?\t\t\t<\/a><br \/>\n\t\t\t\t<\/h3>\n<p>\t\t\tNous allons vous guider \u00e0 travers les diff\u00e9rentes mati\u00e8res disponibles pour que vous puissiez faire le meilleur choix selon vos besoins et pr\u00e9f\u00e9rences.<br \/>\n\t\t\t26 janvier 2024<br \/>\n\t\t\t<a href=\"https:\/\/www.doulito.com\/blog\/quelle-matiere-choisir-pour-une-housse-de-couette\/\" target=\"_self\" title=\"Quelle mati\u00e8re choisir pour une housse de couette ?\" rel=\"noopener\"><img decoding=\"async\" width=\"1280\" height=\"800\" src=\"https:\/\/www.doulito.com\/blog\/wp-content\/uploads\/2023\/12\/enfant-housse-de-couette.jpg\" alt=\"enfant-housse-de-couette\" loading=\"lazy\" \/><\/a><br \/>\n\t\t\t<a href=\"https:\/\/www.doulito.com\/blog\/category\/conseils\/\" id=\"uael-post-term-conseils\" aria-labelledby=\"uael-post-term-conseils\">Conseils d&rsquo;achat<\/a>\t\t<\/p>\n<h3>\n\t\t\t\t\t\t<a href=\"https:\/\/www.doulito.com\/blog\/quelle-matiere-choisir-pour-une-housse-de-couette\/\" target=\"_self\" rel=\"noopener\"><br \/>\n\t\t\t\tQuelle mati\u00e8re choisir pour une housse de couette ?\t\t\t<\/a><br \/>\n\t\t\t\t<\/h3>\n<p>\t\t\tQuelle mati\u00e8re choisir pour une housse de couette ? Une housse de couette est un \u00e9l\u00e9ment essentiel pour prot\u00e9ger votre couette et d\u00e9corer votre chambre. &#8230;<br \/>\n\t\t\t2 d\u00e9cembre 2023<br \/>\n\t\t\t<a href=\"https:\/\/www.doulito.com\/blog\/black-friday-couette-made-in-france-toutes-les-offres-en-promotion-en-2023\/\" target=\"_self\" title=\"Black Friday couette made in France toutes les offres en promotion en 2023\" rel=\"noopener\"><img decoding=\"async\" width=\"1280\" height=\"800\" src=\"https:\/\/www.doulito.com\/blog\/wp-content\/uploads\/2023\/11\/couette-made-in-france-black-friday-doulito.jpg\" alt=\"\" loading=\"lazy\" \/><\/a><br \/>\n\t\t\t<a href=\"https:\/\/www.doulito.com\/blog\/category\/conseils\/\" id=\"uael-post-term-conseils\" aria-labelledby=\"uael-post-term-conseils\">Conseils d&rsquo;achat<\/a>\t\t<\/p>\n<h3>\n\t\t\t\t\t\t<a href=\"https:\/\/www.doulito.com\/blog\/black-friday-couette-made-in-france-toutes-les-offres-en-promotion-en-2023\/\" target=\"_self\" rel=\"noopener\"><br \/>\n\t\t\t\tBlack Friday couette made in France toutes les offres en promotion en 2023\t\t\t<\/a><br \/>\n\t\t\t\t<\/h3>\n<p>\t\t\tLe Black Friday est sans doute l&rsquo;une des meilleures p\u00e9riodes de l&rsquo;ann\u00e9e pour faire des achats judicieux et \u00e9conomiser de l&rsquo;argent. Cette journ\u00e9e de shopping &#8230;<br \/>\n\t\t\t19 novembre 2023<\/p>\n","protected":false},"excerpt":{"rendered":"<p>Nos conseils d&rsquo;achat Les conseils tous doux rien que pour vous \ud83d\ude42 Nos derniers guides Conseils d&rsquo;achat Quelle mati\u00e8re choisir pour mes draps ? Nous allons vous guider \u00e0 travers les diff\u00e9rentes mati\u00e8res disponibles pour que vous puissiez faire le meilleur choix selon vos besoins et pr\u00e9f\u00e9rences. 26 janvier 2024 Conseils d&rsquo;achat Quelle mati\u00e8re choisir [&hellip;]<\/p>\n","protected":false},"author":2,"featured_media":0,"parent":0,"menu_order":0,"comment_status":"closed","ping_status":"closed","template":"","meta":{"site-sidebar-layout":"no-sidebar","site-content-layout":"page-builder","ast-site-content-layout":"","site-content-style":"default","site-sidebar-style":"default","ast-global-header-display":"","ast-banner-title-visibility":"","ast-main-header-display":"","ast-hfb-above-header-display":"","ast-hfb-below-header-display":"","ast-hfb-mobile-header-display":"","site-post-title":"disabled","ast-breadcrumbs-content":"","ast-featured-img":"disabled","footer-sml-layout":"","theme-transparent-header-meta":"default","adv-header-id-meta":"","stick-header-meta":"","header-above-stick-meta":"","header-main-stick-meta":"","header-below-stick-meta":"","astra-migrate-meta-layouts":"default","ast-page-background-enabled":"default","ast-page-background-meta":{"desktop":{"background-color":"","background-image":"","background-repeat":"repeat","background-position":"center center","background-size":"auto","background-attachment":"scroll","background-type":"","background-media":"","overlay-type":"","overlay-color":"","overlay-gradient":""},"tablet":{"background-color":"","background-image":"","background-repeat":"repeat","background-position":"center center","background-size":"auto","background-attachment":"scroll","background-type":"","background-media":"","overlay-type":"","overlay-color":"","overlay-gradient":""},"mobile":{"background-color":"","background-image":"","background-repeat":"repeat","background-position":"center center","background-size":"auto","background-attachment":"scroll","background-type":"","background-media":"","overlay-type":"","overlay-color":"","overlay-gradient":""}},"ast-content-background-meta":{"desktop":{"background-color":"var(--ast-global-color-5)","background-image":"","background-repeat":"repeat","background-position":"center center","background-size":"auto","background-attachment":"scroll","background-type":"","background-media":"","overlay-type":"","overlay-color":"","overlay-gradient":""},"tablet":{"background-color":"var(--ast-global-color-5)","background-image":"","background-repeat":"repeat","background-position":"center center","background-size":"auto","background-attachment":"scroll","background-type":"","background-media":"","overlay-type":"","overlay-color":"","overlay-gradient":""},"mobile":{"background-color":"var(--ast-global-color-5)","background-image":"","background-repeat":"repeat","background-position":"center center","background-size":"auto","background-attachment":"scroll","background-type":"","background-media":"","overlay-type":"","overlay-color":"","overlay-gradient":""}},"footnotes":""},"yoast_head":"<!-- This site is optimized with the Yoast SEO plugin v15.4 - https:\/\/yoast.com\/wordpress\/plugins\/seo\/ -->\n<title>Conseil d&#039;achat Doulito : conseils pour choisir vos produits<\/title>\n<meta name=\"description\" content=\"Doulito vous propose ses conseils d&#039;achat d\u00e9co et am\u00e9nagement de votre int\u00e9rieur et de votre ext\u00e9rieur. Tout pour vous aider \u00e0 faire vos choix \u00e0 prix doux !\" \/>\n<meta name=\"robots\" content=\"index, follow, max-snippet:-1, max-image-preview:large, max-video-preview:-1\" \/>\n<link rel=\"canonical\" href=\"https:\/\/www.doulito.com\/blog\/conseils-achats\/\" \/>\n<meta property=\"og:locale\" content=\"fr_FR\" \/>\n<meta property=\"og:type\" content=\"article\" \/>\n<meta property=\"og:title\" content=\"Conseil d&#039;achat Doulito : conseils pour choisir vos produits\" \/>\n<meta property=\"og:description\" content=\"Doulito vous propose ses conseils d&#039;achat d\u00e9co et am\u00e9nagement de votre int\u00e9rieur et de votre ext\u00e9rieur. Tout pour vous aider \u00e0 faire vos choix \u00e0 prix doux !\" \/>\n<meta property=\"og:url\" content=\"https:\/\/www.doulito.com\/blog\/conseils-achats\/\" \/>\n<meta property=\"article:modified_time\" content=\"2024-03-11T11:00:20+00:00\" \/>\n<meta property=\"og:image\" content=\"https:\/\/www.doulito.com\/blog\/wp-content\/uploads\/2024\/01\/Quelle-matiere-choisir-pour-mes-draps.jpg\" \/>\n<meta name=\"twitter:card\" content=\"summary_large_image\" \/>\n<meta name=\"twitter:label1\" content=\"\u00c9crit par\">\n\t<meta name=\"twitter:data1\" content=\"Fred DEVEAUX\">\n\t<meta name=\"twitter:label2\" content=\"Dur\u00e9e de lecture est.\">\n\t<meta name=\"twitter:data2\" content=\"1 minute\">\n<script type=\"application\/ld+json\" class=\"yoast-schema-graph\">{\"@context\":\"https:\/\/schema.org\",\"@graph\":[{\"@type\":\"WebSite\",\"@id\":\"https:\/\/www.doulito.com\/blog\/#website\",\"url\":\"https:\/\/www.doulito.com\/blog\/\",\"name\":\"\",\"description\":\"\",\"potentialAction\":[{\"@type\":\"SearchAction\",\"target\":\"https:\/\/www.doulito.com\/blog\/?s={search_term_string}\",\"query-input\":\"required name=search_term_string\"}],\"inLanguage\":\"fr-FR\"},{\"@type\":\"ImageObject\",\"@id\":\"https:\/\/www.doulito.com\/blog\/conseils-achats\/#primaryimage\",\"inLanguage\":\"fr-FR\",\"url\":\"https:\/\/www.doulito.com\/blog\/wp-content\/uploads\/2024\/01\/Quelle-matiere-choisir-pour-mes-draps.jpg\",\"width\":1280,\"height\":800,\"caption\":\"Quelle mati\\u00e8re choisir pour mes draps ?\"},{\"@type\":\"WebPage\",\"@id\":\"https:\/\/www.doulito.com\/blog\/conseils-achats\/#webpage\",\"url\":\"https:\/\/www.doulito.com\/blog\/conseils-achats\/\",\"name\":\"Conseil d'achat Doulito : conseils pour choisir vos produits\",\"isPartOf\":{\"@id\":\"https:\/\/www.doulito.com\/blog\/#website\"},\"primaryImageOfPage\":{\"@id\":\"https:\/\/www.doulito.com\/blog\/conseils-achats\/#primaryimage\"},\"datePublished\":\"2020-04-27T15:41:10+00:00\",\"dateModified\":\"2024-03-11T11:00:20+00:00\",\"description\":\"Doulito vous propose ses conseils d'achat d\\u00e9co et am\\u00e9nagement de votre int\\u00e9rieur et de votre ext\\u00e9rieur. Tout pour vous aider \\u00e0 faire vos choix \\u00e0 prix doux !\",\"inLanguage\":\"fr-FR\",\"potentialAction\":[{\"@type\":\"ReadAction\",\"target\":[\"https:\/\/www.doulito.com\/blog\/conseils-achats\/\"]}]}]}<\/script>\n<!-- \/ Yoast SEO plugin. -->","_links":{"self":[{"href":"https:\/\/www.doulito.com\/blog\/wp-json\/wp\/v2\/pages\/62"}],"collection":[{"href":"https:\/\/www.doulito.com\/blog\/wp-json\/wp\/v2\/pages"}],"about":[{"href":"https:\/\/www.doulito.com\/blog\/wp-json\/wp\/v2\/types\/page"}],"author":[{"embeddable":true,"href":"https:\/\/www.doulito.com\/blog\/wp-json\/wp\/v2\/users\/2"}],"replies":[{"embeddable":true,"href":"https:\/\/www.doulito.com\/blog\/wp-json\/wp\/v2\/comments?post=62"}],"version-history":[{"count":20,"href":"https:\/\/www.doulito.com\/blog\/wp-json\/wp\/v2\/pages\/62\/revisions"}],"predecessor-version":[{"id":426,"href":"https:\/\/www.doulito.com\/blog\/wp-json\/wp\/v2\/pages\/62\/revisions\/426"}],"wp:attachment":[{"href":"https:\/\/www.doulito.com\/blog\/wp-json\/wp\/v2\/media?parent=62"}],"curies":[{"name":"wp","href":"https:\/\/api.w.org\/{rel}","templated":true}]}}